or of 1 and q.
1
Suppose 5*g = 2*g + 9. Let u be (-6)/(-21) - (-38)/14. Suppose -g*p + 27 = -5*k - 20, -u*k = -p + 17. Calculate the greatest common factor of p and 28.
14
Suppose -p + 5 = 0, -12*d + 500 = -8*d + 4*p. What is the greatest common factor of d and 24?
24
Suppose -w + 32 = 4*l - 3, 0 = 4*w - 2*l - 86. Calculate the greatest common divisor of 46 and w.
23
Let c = -71 + 99. What is the highest common factor of 224 and c?
28
Suppose 125 = -11*y + 16*y. What is the greatest common factor of 275 and y?
25
Let t = 54 + -28. Let d be (-2)/(-5) - (-609)/15. Let q = 106 - d. Calculate the highest common factor of q and t.
13
Let u = -15 + 27. Suppose 2 = -j - 5*c - 1, 0 = -2*j + 5*c + 39. Calculate the greatest common factor of u and j.
12
Let r(g) = 2*g**3 + 2*g - 2. Let f be r(1). What is the greatest common divisor of f and 2?
2
Let m(z) = -z - 5. Let j be m(0). Let w(p) = -3 + 0 + 0*p - 6*p + p. Let x be w(j). What is the highest common factor of x and 33?
11
Let o = 64 + -63. What is the highest common divisor of o and 3?
1
Suppose 3*n - 6*n = -150. Let a = 15 - -5. Calculate the highest common factor of a and n.
10
Let z be -3 + 66/4 + 6/4. Suppose k + 7 = -6*g + 3*g, k - g = 9. What is the highest common divisor of k and z?
5
Suppose -4 = -0*w - w. Suppose -3*m - 31 = 4*l - 8*l, 4*m = -w. Calculate the greatest common divisor of l and 56.
7
Suppose 4*d = -0*s - 4*s + 40, -4*s + d + 65 = 0. What is the greatest common factor of 120 and s?
15
Let f(o) = 12*o**3 - 2*o**2 - o + 2. Let y be f(2). Let p = y - 38. What is the highest common factor of p and 20?
10
Suppose 30 = 2*l - 70. Calculate the greatest common divisor of l and 10.
10
Let c be (18/1 - 3) + 3. Calculate the greatest common divisor of 9 and c.
9
Suppose -12 = 3*u - 4*u. What is the greatest common divisor of 156 and u?
12
Suppose w - 3*h - 5 = h, 25 = w + h. Let s = -29 + w. Let v be (1/2 + -2)*s. Calculate the highest common factor of v and 132.
12
Suppose 0 = 4*k - 0*k - 32. What is the highest common factor of k and 12?
4
Suppose 5*x + 3*y = -0*y + 277, -170 = -3*x + 2*y. Suppose 0 = -6*f + 2*f + x. Calculate the highest common factor of f and 35.
7
Let r(h) = -h**2 - h - 1. Let f be r(-3). Let j = f + 19. Calculate the highest common factor of 12 and j.
12
Suppose -2*x = -3*c + 7, c + 2*c - 4*x + 1 = 0. Let i be (-3)/(1*(-9)/12). Suppose 3 = -i*v + 7. Calculate the greatest common divisor of c and v.
1
Let z = 5 - -1. Suppose 2*y + 5*l - 18 - 5 = 0, -y = l - 19. What is the highest common factor of y and z?
6
Let d be (-1)/(-4) - (-166)/8. Let p(s) = s**3 + 3*s**2 - s - 3. Let h be p(4). What is the greatest common divisor of d and h?
21
Let z(y) = 3*y + 5. Let j be z(2). What is the greatest common factor of 1 and j?
1
Let i(a) = -a**3 - 12*a**2 - 4*a. Let d be i(-12). What is the highest common divisor of d and 32?
16
Let m = 74 + -44. What is the highest common factor of m and 150?
30
Let f(l) = 3*l - 4. Let w be f(6). Let q = w + -7. Suppose -3*s = -6*s + 105. Calculate the highest common divisor of s and q.
7
Suppose 0 = -r - 2*j + 28, 57 = -4*r + 8*r - 3*j. What is the highest common factor of r and 63?
9
Suppose 4*j - 44 + 0 = 0. Let t = -27 - -38. What is the highest common divisor of j and t?
11
Let w(v) be the second derivative of 1/12*v**4 - 2*v - 5/6*v**3 + 0 + 7/2*v**2. Let t be w(5). Calculate the highest common factor of t and 63.
7
Let o(i) = -i**3 - i + 10. Let w = -2 - -2. Let m be (-2)/(-4)*w/2. Let u be o(m). What is the highest common factor of u and 50?
10
Suppose q + 348 = 3*q. What is the greatest common factor of q and 29?
29
Suppose 17*f - 11*f = 108. What is the highest common divisor of 2 and f?
2
Let k be (-6)/(-4)*16/6. Suppose 3*l = l + 222. Suppose 11 = c + 5*q, 53 + l = 4*c - 4*q. What is the greatest common divisor of k and c?
4
Suppose -8*q - 4 = -6*q. Let s be 356/12 - q/6. Calculate the highest common factor of s and 15.
15
Let t(s) = 17*s + 6*s - 13 + 10. Let i be t(3). Calculate the greatest common factor of 6 and i.
6
Let l = 954 - 666. Calculate the highest common divisor of 36 and l.
36
Let w(z) = z**3 - z + 120. Suppose 0 = 2*l - 0*t - t - 4, -4 = t. Let q be w(l). Calculate the greatest common divisor of q and 12.
12
Let x be (-2)/(-10) - 48/(-10). Suppose 0 = -x*l - 2*m + 85, -20 = -5*l - 5*m + 65. Let j = l - 1. Calculate the highest common divisor of 24 and j.
8
Let w be (2 + -3)*-1 + 80. What is the greatest common divisor of 9 and w?
9
Let k(v) = -v**3 + 6. Let j be k(0). Calculate the greatest common factor of 48 and j.
6
Let r be (9/36)/((-1)/(-52)). Calculate the highest common factor of r and 65.
13
Let y(t) = t**2 + 8*t + 9. Let g be y(-7). Suppose -2*d = -g, -p - 4*d = p + 12. Let h be (p/20)/((-2)/110). Calculate the greatest common divisor of 2 and h.
2
Suppose -q + 12 + 4 = 3*m, -3*m = 5*q - 32. Let d(g) = -g**3 + g**2 + 1. Let u be d(1). Calculate the highest common divisor of m and u.
1
Let r be 1/4 + 35/4. Let j = r + -5. Suppose o = 5 + j. What is the greatest common factor of 63 and o?
9
Suppose -4*a + 0*a = -48. Let q(w) = 9*w - 6. Let s(z) = 10*z - 6. Let i(g) = -6*q(g) + 5*s(g). Let c be i(-6). Calculate the highest common divisor of c and a.
6
Suppose 8*h + h - 324 = 0. What is the greatest common divisor of 180 and h?
36
Let a = 19 + 2. Let m(g) = g**3 - 7*g**2 + g - 4. Let b be m(7). Suppose 0*d + b*d - 252 = 0. What is the greatest common factor of a and d?
21
Let a be (2 + 4)*5/2. What is the highest common divisor of a and 15?
15
Suppose -4*r + 3 + 1 = 0. Let m be (1 + (r - -2))/(-1). Let b be -1*(m + 3 - 6). What is the highest common divisor of 56 and b?
7
Let o(r) = -r**2 + 7*r. Let m be o(6). Suppose -5*h - 47 = 2*n, 16 = -n - 2*h - m. Let w be n/10*1*-5. Calculate the highest common divisor of 8 and w.
8
Let g(v) = -6*v + 3. Let a be g(-3). Let z = a - -7. Calculate the highest common factor of 70 and z.
14
Suppose 5*f = 6 + 54. Suppose 216 = 2*x + x. Suppose -x = -4*v + 2*l + 314, -v = 3*l - 93. What is the greatest common divisor of f and v?
12
Let p(f) = -3*f**2 + 15*f + 21. Let m(h) = -h**2 + 7*h + 10. Let r(i) = 5*m(i) - 2*p(i). Let j be r(-6). What is the highest common divisor of j and 7?
7
Let f = -24 - -123. What is the highest common factor of 11 and f?
11
Suppose 0 = 2*x - 3*h - 6, -5*x + h - 5*h = -38. What is the greatest common divisor of x and 12?
6
Let h(j) = -14*j - 3. Let g be h(-9). Calculate the greatest common divisor of g and 82.
41
Let w(v) = -v. Let h be w(-2). Suppose -5 = -h*a + 1. What is the highest common factor of 6 and a?
3
Suppose -6*y + 23 = -5*y. What is the highest common factor of y and 46?
23
Let t = 2 + 0. Suppose q = -2*u + 80, -t*q + 3*u + 0*u = -195. What is the highest common factor of 10 and q?
10
Suppose -25*z + 22*z = -600. What is the greatest common factor of 80 and z?
40
Let p(n) = -9*n**3 + 2*n**2 + 2*n + 1. Let b be p(-1). Let o = -8 - -10. Calculate the highest common divisor of o and b.
2
Let x be (8/(-6))/((-10)/15). Suppose -2*p = -5*h + 2*p - 40, 5*p - 21 = -h. Let w be 6/x - 100/h. What is the highest common factor of w and 42?
14
Let j = 39 - -71. Let u(a) = -a**3 + 5*a**2 - a. Let y be u(2). What is the greatest common factor of j and y?
10
Let s = 63 + -23. Suppose -5*p + 2*z = -64, -4*z + s = 5*p - p. What is the highest common divisor of p and 132?
12
Suppose -2*w + 6*w + 564 = 4*t, w + 1 = 0. Calculate the highest common divisor of t and 35.
35
Let u be 6/8 + 2946/(-24). Let x = -82 - u. Calculate the greatest common divisor of 16 and x.
8
Suppose -4*f + 24 = -2*l, 47 = 5*f - 3*l + 15. Suppose 5*p - 235 = 3*a, 0 = 2*a + 10. What is the highest common factor of f and p?
4
Let u be 2 - (0 - 1)*13. Calculate the greatest common factor of 30 and u.
15
Let q be (-3)/(-6) - 81/(-6). What is the greatest common factor of q and 35?
7
Let p be 15/(-6)*(-924)/15. What is the greatest common divisor of p and 14?
14
Suppose 0 = -3*r - 0*r. Suppose -5*u = 5*z - 110, -3*z = -u - r*z + 10. Calculate the highest common divisor of 152 and u.
19
Suppose -4*m + 3*r - r = -20, m = -2*r. Let o be 1/m - 126/(-8). Let q be 2/13 + 9960/156. What is the highest common factor of q and o?
16
Let v(k) = k**2 - 6*k + 9. Let t be v(11). Suppose -5*o + 16 